{"id":1151,"date":"2025-10-15T14:01:57","date_gmt":"2025-10-15T19:01:57","guid":{"rendered":"https:\/\/bordaarte.store\/?post_type=product&#038;p=1151"},"modified":"2025-10-15T14:01:57","modified_gmt":"2025-10-15T19:01:57","slug":"logo-halloween","status":"publish","type":"product","link":"https:\/\/bordaarte.store\/index.php\/product\/logo-halloween\/","title":{"rendered":"Logo Halloween"},"content":{"rendered":"<p data-start=\"924\" data-end=\"1328\">El dise\u00f1o <strong data-start=\"934\" data-end=\"954\">\u00abLogo Halloween\u00bb<\/strong> es un bordado digital pensado para quienes buscan destacar con un estilo original y festivo.<br data-start=\"1047\" data-end=\"1050\" \/>Representa a un <strong data-start=\"1066\" data-end=\"1119\">espantap\u00e1jaros sosteniendo las letras \u201cHALLOWEEN\u201d<\/strong>, rodeado de murci\u00e9lagos y un fondo naranja que resalta su energ\u00eda y ambiente tenebroso. Este dise\u00f1o es ideal para proyectos de temporada, como camisetas, sudaderas, bolsas, cojines o decoraciones tem\u00e1ticas.<\/p>\n<p data-start=\"924\" data-end=\"1328\">\n<p data-start=\"1330\" data-end=\"1562\">Creado y optimizado con <strong data-start=\"1354\" data-end=\"1364\">Wilcom<\/strong>, garantiza una excelente definici\u00f3n en cada puntada, manteniendo l\u00edneas limpias, transiciones suaves y una estructura perfectamente equilibrada para m\u00e1quinas de bordado dom\u00e9sticas e industriales.<\/p>\n<p data-start=\"1330\" data-end=\"1562\">\n<p data-start=\"1564\" data-end=\"1871\">Incluye una amplia variedad de formatos , asegurando compatibilidad con la mayor\u00eda de equipos de bordado.<br data-start=\"1709\" data-end=\"1712\" \/><strong data-start=\"1712\" data-end=\"1732\">\u00abLogo Halloween\u00bb<\/strong> es una pieza visualmente impactante, perfecta para quienes desean ofrecer productos modernos, en tendencia y con un acabado profesional.<\/p>\n<p data-start=\"1564\" data-end=\"1871\">\n<p><b>Tama\u00f1os Disponibles:<\/b><\/p>\n<p><span style=\"font-weight: 400;\">(212 x 105 mm)<\/span><\/p>\n<p><b>Formatos Disponibles:<\/b><\/p>\n<p><span style=\"font-weight: 400;\">EMB,DST,PES,HUS,TAP,EXP,DSB,SEW<\/span><\/p>\n<p><b>Puntadas:<\/b><\/p>\n<p><span style=\"font-weight: 400;\">19.049<\/span><\/p>\n","protected":false},"excerpt":{"rendered":"<p>El dise\u00f1o <strong data-start=\"267\" data-end=\"287\">\u00abLogo Halloween\u00bb<\/strong> destaca por su estilo llamativo y moderno. Presenta a un espantap\u00e1jaros sosteniendo las letras grandes de <em data-start=\"394\" data-end=\"405\">Halloween<\/em>, con un fondo naranja vibrante y murci\u00e9lagos que completan la escena. Ideal para prendas tem\u00e1ticas, decoraciones o art\u00edculos personalizados, este bordado combina calidad, detalle y un dise\u00f1o en tendencia que no pasar\u00e1 desapercibido.<\/p>\n","protected":false},"featured_media":1153,"comment_status":"closed","ping_status":"closed","template":"","meta":{"site-sidebar-layout":"default","site-content-layout":"","ast-site-content-layout":"default","site-content-style":"default","site-sidebar-style":"default","ast-global-header-display":"","ast-banner-title-visibility":"","ast-main-header-display":"","ast-hfb-above-header-display":"","ast-hfb-below-header-display":"","ast-hfb-mobile-header-display":"","site-post-title":"","ast-breadcrumbs-content":"","ast-featured-img":"","footer-sml-layout":"","theme-transparent-header-meta":"default","adv-header-id-meta":"","stick-header-meta":"","header-above-stick-meta":"","header-main-stick-meta":"","header-below-stick-meta":"","astra-migrate-meta-layouts":"set","ast-page-background-enabled":"default","ast-page-background-meta":{"desktop":{"background-color":"var(--ast-global-color-4)","background-image":"","background-repeat":"repeat","background-position":"center center","background-size":"auto","background-attachment":"scroll","background-type":"","background-media":"","overlay-type":"","overlay-color":"","overlay-opacity":"","overlay-gradient":""},"tablet":{"background-color":"","background-image":"","background-repeat":"repeat","background-position":"center center","background-size":"auto","background-attachment":"scroll","background-type":"","background-media":"","overlay-type":"","overlay-color":"","overlay-opacity":"","overlay-gradient":""},"mobile":{"background-color":"","background-image":"","background-repeat":"repeat","background-position":"center center","background-size":"auto","background-attachment":"scroll","background-type":"","background-media":"","overlay-type":"","overlay-color":"","overlay-opacity":"","overlay-gradient":""}},"ast-content-background-meta":{"desktop":{"background-color":"var(--ast-global-color-5)","background-image":"","background-repeat":"repeat","background-position":"center center","background-size":"auto","background-attachment":"scroll","background-type":"","background-media":"","overlay-type":"","overlay-color":"","overlay-opacity":"","overlay-gradient":""},"tablet":{"background-color":"var(--ast-global-color-5)","background-image":"","background-repeat":"repeat","background-position":"center center","background-size":"auto","background-attachment":"scroll","background-type":"","background-media":"","overlay-type":"","overlay-color":"","overlay-opacity":"","overlay-gradient":""},"mobile":{"background-color":"var(--ast-global-color-5)","background-image":"","background-repeat":"repeat","background-position":"center center","background-size":"auto","background-attachment":"scroll","background-type":"","background-media":"","overlay-type":"","overlay-color":"","overlay-opacity":"","overlay-gradient":""}}},"product_brand":[],"product_cat":[35],"product_tag":[],"class_list":{"0":"post-1151","1":"product","2":"type-product","3":"status-publish","4":"has-post-thumbnail","6":"product_cat-halloween","7":"desktop-align-left","8":"tablet-align-left","9":"mobile-align-left","11":"first","12":"instock","13":"sale","14":"downloadable","15":"virtual","16":"taxable","17":"purchasable","18":"product-type-simple"},"yoast_head":"<!-- This site is optimized with the Yoast SEO plugin v26.2 - https:\/\/yoast.com\/wordpress\/plugins\/seo\/ -->\n<title>Logo Halloween - Borda Arte<\/title>\n<meta name=\"robots\" content=\"index, follow, max-snippet:-1, max-image-preview:large, max-video-preview:-1\" \/>\n<link rel=\"canonical\" href=\"https:\/\/bordaarte.store\/index.php\/product\/logo-halloween\/\" \/>\n<meta property=\"og:locale\" content=\"es_ES\" \/>\n<meta property=\"og:type\" content=\"article\" \/>\n<meta property=\"og:title\" content=\"Logo Halloween - Borda Arte\" \/>\n<meta property=\"og:description\" content=\"El dise\u00f1o \u00abLogo Halloween\u00bb destaca por su estilo llamativo y moderno. Presenta a un espantap\u00e1jaros sosteniendo las letras grandes de Halloween, con un fondo naranja vibrante y murci\u00e9lagos que completan la escena. Ideal para prendas tem\u00e1ticas, decoraciones o art\u00edculos personalizados, este bordado combina calidad, detalle y un dise\u00f1o en tendencia que no pasar\u00e1 desapercibido.\" \/>\n<meta property=\"og:url\" content=\"https:\/\/bordaarte.store\/index.php\/product\/logo-halloween\/\" \/>\n<meta property=\"og:site_name\" content=\"Borda Arte\" \/>\n<meta property=\"article:publisher\" content=\"https:\/\/www.facebook.com\/BordaArteOficial\" \/>\n<meta property=\"og:image\" content=\"https:\/\/bordaarte.store\/wp-content\/uploads\/2025\/10\/Cover-Logo-Halloween.jpg\" \/>\n\t<meta property=\"og:image:width\" content=\"1202\" \/>\n\t<meta property=\"og:image:height\" content=\"1204\" \/>\n\t<meta property=\"og:image:type\" content=\"image\/jpeg\" \/>\n<meta name=\"twitter:card\" content=\"summary_large_image\" \/>\n<meta name=\"twitter:label1\" content=\"Est. reading time\" \/>\n\t<meta name=\"twitter:data1\" content=\"1 minuto\" \/>\n<script type=\"application\/ld+json\" class=\"yoast-schema-graph\">{\"@context\":\"https:\/\/schema.org\",\"@graph\":[{\"@type\":\"WebPage\",\"@id\":\"https:\/\/bordaarte.store\/index.php\/product\/logo-halloween\/\",\"url\":\"https:\/\/bordaarte.store\/index.php\/product\/logo-halloween\/\",\"name\":\"Logo Halloween - Borda Arte\",\"isPartOf\":{\"@id\":\"https:\/\/bordaarte.store\/#website\"},\"primaryImageOfPage\":{\"@id\":\"https:\/\/bordaarte.store\/index.php\/product\/logo-halloween\/#primaryimage\"},\"image\":{\"@id\":\"https:\/\/bordaarte.store\/index.php\/product\/logo-halloween\/#primaryimage\"},\"thumbnailUrl\":\"https:\/\/bordaarte.store\/wp-content\/uploads\/2025\/10\/Cover-Logo-Halloween.jpg\",\"datePublished\":\"2025-10-15T19:01:57+00:00\",\"breadcrumb\":{\"@id\":\"https:\/\/bordaarte.store\/index.php\/product\/logo-halloween\/#breadcrumb\"},\"inLanguage\":\"es-PE\",\"potentialAction\":[{\"@type\":\"ReadAction\",\"target\":[\"https:\/\/bordaarte.store\/index.php\/product\/logo-halloween\/\"]}]},{\"@type\":\"ImageObject\",\"inLanguage\":\"es-PE\",\"@id\":\"https:\/\/bordaarte.store\/index.php\/product\/logo-halloween\/#primaryimage\",\"url\":\"https:\/\/bordaarte.store\/wp-content\/uploads\/2025\/10\/Cover-Logo-Halloween.jpg\",\"contentUrl\":\"https:\/\/bordaarte.store\/wp-content\/uploads\/2025\/10\/Cover-Logo-Halloween.jpg\",\"width\":1202,\"height\":1204,\"caption\":\"#LogoHalloween #BordadoHalloween #Dise\u00f1osDeBordado #BordadoComputarizado #EmbroideryDesign #HalloweenEmbroidery #Espantap\u00e1jaros #BordadoDigital #BordadoCreativo #BordadoPersonalizado #Murci\u00e9lagos #Decoraci\u00f3nHalloween\"},{\"@type\":\"BreadcrumbList\",\"@id\":\"https:\/\/bordaarte.store\/index.php\/product\/logo-halloween\/#breadcrumb\",\"itemListElement\":[{\"@type\":\"ListItem\",\"position\":1,\"name\":\"Portada\",\"item\":\"https:\/\/bordaarte.store\/\"},{\"@type\":\"ListItem\",\"position\":2,\"name\":\"Shop\",\"item\":\"https:\/\/bordaarte.store\/index.php\/shop\/\"},{\"@type\":\"ListItem\",\"position\":3,\"name\":\"Logo Halloween\"}]},{\"@type\":\"WebSite\",\"@id\":\"https:\/\/bordaarte.store\/#website\",\"url\":\"https:\/\/bordaarte.store\/\",\"name\":\"Borda Arte\",\"description\":\"\",\"publisher\":{\"@id\":\"https:\/\/bordaarte.store\/#organization\"},\"potentialAction\":[{\"@type\":\"SearchAction\",\"target\":{\"@type\":\"EntryPoint\",\"urlTemplate\":\"https:\/\/bordaarte.store\/?s={search_term_string}\"},\"query-input\":{\"@type\":\"PropertyValueSpecification\",\"valueRequired\":true,\"valueName\":\"search_term_string\"}}],\"inLanguage\":\"es-PE\"},{\"@type\":\"Organization\",\"@id\":\"https:\/\/bordaarte.store\/#organization\",\"name\":\"Borda Arte\",\"url\":\"https:\/\/bordaarte.store\/\",\"logo\":{\"@type\":\"ImageObject\",\"inLanguage\":\"es-PE\",\"@id\":\"https:\/\/bordaarte.store\/#\/schema\/logo\/image\/\",\"url\":\"https:\/\/bordaarte.store\/wp-content\/uploads\/2025\/10\/logo-borda-arte-store.png\",\"contentUrl\":\"https:\/\/bordaarte.store\/wp-content\/uploads\/2025\/10\/logo-borda-arte-store.png\",\"width\":366,\"height\":346,\"caption\":\"Borda Arte\"},\"image\":{\"@id\":\"https:\/\/bordaarte.store\/#\/schema\/logo\/image\/\"},\"sameAs\":[\"https:\/\/www.facebook.com\/BordaArteOficial\"]}]}<\/script>\n<!-- \/ Yoast SEO plugin. -->","yoast_head_json":{"title":"Logo Halloween - Borda Arte","robots":{"index":"index","follow":"follow","max-snippet":"max-snippet:-1","max-image-preview":"max-image-preview:large","max-video-preview":"max-video-preview:-1"},"canonical":"https:\/\/bordaarte.store\/index.php\/product\/logo-halloween\/","og_locale":"es_ES","og_type":"article","og_title":"Logo Halloween - Borda Arte","og_description":"El dise\u00f1o \u00abLogo Halloween\u00bb destaca por su estilo llamativo y moderno. Presenta a un espantap\u00e1jaros sosteniendo las letras grandes de Halloween, con un fondo naranja vibrante y murci\u00e9lagos que completan la escena. Ideal para prendas tem\u00e1ticas, decoraciones o art\u00edculos personalizados, este bordado combina calidad, detalle y un dise\u00f1o en tendencia que no pasar\u00e1 desapercibido.","og_url":"https:\/\/bordaarte.store\/index.php\/product\/logo-halloween\/","og_site_name":"Borda Arte","article_publisher":"https:\/\/www.facebook.com\/BordaArteOficial","og_image":[{"width":1202,"height":1204,"url":"https:\/\/bordaarte.store\/wp-content\/uploads\/2025\/10\/Cover-Logo-Halloween.jpg","type":"image\/jpeg"}],"twitter_card":"summary_large_image","twitter_misc":{"Est. reading time":"1 minuto"},"schema":{"@context":"https:\/\/schema.org","@graph":[{"@type":"WebPage","@id":"https:\/\/bordaarte.store\/index.php\/product\/logo-halloween\/","url":"https:\/\/bordaarte.store\/index.php\/product\/logo-halloween\/","name":"Logo Halloween - Borda Arte","isPartOf":{"@id":"https:\/\/bordaarte.store\/#website"},"primaryImageOfPage":{"@id":"https:\/\/bordaarte.store\/index.php\/product\/logo-halloween\/#primaryimage"},"image":{"@id":"https:\/\/bordaarte.store\/index.php\/product\/logo-halloween\/#primaryimage"},"thumbnailUrl":"https:\/\/bordaarte.store\/wp-content\/uploads\/2025\/10\/Cover-Logo-Halloween.jpg","datePublished":"2025-10-15T19:01:57+00:00","breadcrumb":{"@id":"https:\/\/bordaarte.store\/index.php\/product\/logo-halloween\/#breadcrumb"},"inLanguage":"es-PE","potentialAction":[{"@type":"ReadAction","target":["https:\/\/bordaarte.store\/index.php\/product\/logo-halloween\/"]}]},{"@type":"ImageObject","inLanguage":"es-PE","@id":"https:\/\/bordaarte.store\/index.php\/product\/logo-halloween\/#primaryimage","url":"https:\/\/bordaarte.store\/wp-content\/uploads\/2025\/10\/Cover-Logo-Halloween.jpg","contentUrl":"https:\/\/bordaarte.store\/wp-content\/uploads\/2025\/10\/Cover-Logo-Halloween.jpg","width":1202,"height":1204,"caption":"#LogoHalloween #BordadoHalloween #Dise\u00f1osDeBordado #BordadoComputarizado #EmbroideryDesign #HalloweenEmbroidery #Espantap\u00e1jaros #BordadoDigital #BordadoCreativo #BordadoPersonalizado #Murci\u00e9lagos #Decoraci\u00f3nHalloween"},{"@type":"BreadcrumbList","@id":"https:\/\/bordaarte.store\/index.php\/product\/logo-halloween\/#breadcrumb","itemListElement":[{"@type":"ListItem","position":1,"name":"Portada","item":"https:\/\/bordaarte.store\/"},{"@type":"ListItem","position":2,"name":"Shop","item":"https:\/\/bordaarte.store\/index.php\/shop\/"},{"@type":"ListItem","position":3,"name":"Logo Halloween"}]},{"@type":"WebSite","@id":"https:\/\/bordaarte.store\/#website","url":"https:\/\/bordaarte.store\/","name":"Borda Arte","description":"","publisher":{"@id":"https:\/\/bordaarte.store\/#organization"},"potentialAction":[{"@type":"SearchAction","target":{"@type":"EntryPoint","urlTemplate":"https:\/\/bordaarte.store\/?s={search_term_string}"},"query-input":{"@type":"PropertyValueSpecification","valueRequired":true,"valueName":"search_term_string"}}],"inLanguage":"es-PE"},{"@type":"Organization","@id":"https:\/\/bordaarte.store\/#organization","name":"Borda Arte","url":"https:\/\/bordaarte.store\/","logo":{"@type":"ImageObject","inLanguage":"es-PE","@id":"https:\/\/bordaarte.store\/#\/schema\/logo\/image\/","url":"https:\/\/bordaarte.store\/wp-content\/uploads\/2025\/10\/logo-borda-arte-store.png","contentUrl":"https:\/\/bordaarte.store\/wp-content\/uploads\/2025\/10\/logo-borda-arte-store.png","width":366,"height":346,"caption":"Borda Arte"},"image":{"@id":"https:\/\/bordaarte.store\/#\/schema\/logo\/image\/"},"sameAs":["https:\/\/www.facebook.com\/BordaArteOficial"]}]}},"_links":{"self":[{"href":"https:\/\/bordaarte.store\/index.php\/wp-json\/wp\/v2\/product\/1151","targetHints":{"allow":["GET"]}}],"collection":[{"href":"https:\/\/bordaarte.store\/index.php\/wp-json\/wp\/v2\/product"}],"about":[{"href":"https:\/\/bordaarte.store\/index.php\/wp-json\/wp\/v2\/types\/product"}],"replies":[{"embeddable":true,"href":"https:\/\/bordaarte.store\/index.php\/wp-json\/wp\/v2\/comments?post=1151"}],"wp:featuredmedia":[{"embeddable":true,"href":"https:\/\/bordaarte.store\/index.php\/wp-json\/wp\/v2\/media\/1153"}],"wp:attachment":[{"href":"https:\/\/bordaarte.store\/index.php\/wp-json\/wp\/v2\/media?parent=1151"}],"wp:term":[{"taxonomy":"product_brand","embeddable":true,"href":"https:\/\/bordaarte.store\/index.php\/wp-json\/wp\/v2\/product_brand?post=1151"},{"taxonomy":"product_cat","embeddable":true,"href":"https:\/\/bordaarte.store\/index.php\/wp-json\/wp\/v2\/product_cat?post=1151"},{"taxonomy":"product_tag","embeddable":true,"href":"https:\/\/bordaarte.store\/index.php\/wp-json\/wp\/v2\/product_tag?post=1151"}],"curies":[{"name":"wp","href":"https:\/\/api.w.org\/{rel}","templated":true}]}}